. What is the hundreds digit of s?
5
Let g = 1065 - 747. Let j = g - -625. What is the hundreds digit of j?
9
Let w = -31276 - -68441. What is the units digit of w?
5
Suppose 59684 = 2*m - 4*f, 176471 - 57148 = 4*m + f. What is the hundreds digit of m?
8
Let i(k) = 2*k**3 - 15*k**2 + 15*k + 20. Let t = -149 - -158. What is the hundreds digit of i(t)?
3
Let q = 8518 + -778. What is the tens digit of q?
4
Let h(s) = 28*s - 95. Let u(b) = -41*b + 142. Let y(j) = 7*h(j) + 5*u(j). What is the units digit of y(-5)?
0
Suppose 23*b = 31*b. Suppose -5*x - 376 + 1726 = b. What is the units digit of x?
0
Suppose -3*m - 39 = 9. Let v be 5*(178/(-8))/(20/m). Suppose -c + v = 7. What is the units digit of c?
2
Let b(i) = 182*i**2 - 133*i - 1743. What is the ten thousands digit of b(-12)?
2
Suppose -4*l = 5*n - 7*n + 400, 5*l + 1020 = 5*n. Suppose -2*j - 8 = 0, -2*r - j + 1070 = n. What is the hundreds digit of r?
4
Let z(k) = -66*k**3 + 7*k**2 + 7*k - 3. Let t(w) = -2*w**2 - w + 1. Let g(c) = -4*t(c) - z(c). What is the units digit of g(2)?
5
Suppose -i = 4 - 3, 3*i = -2*l + 2085. Suppose v + 5196 = 5*r, -r - 9*v + l = -8*v. What is the units digit of r?
0
Suppose j + 8 = 4*u, -2*u - j + 9 = -1. Let y(b) = b**2 + b + 2. Let k be y(-2). Suppose -k*m - 58 = -5*x, -5*m - 5 = u*x - 62. What is the units digit of x?
4
Let y(a) = -9*a + 73. Let f be y(8). What is the tens digit of f*1380/3 - 6?
5
Let n = -158 - -146. What is the units digit of n/(-18) - (-1339)/3?
7
What is the thousands digit of ((-41004)/45 + -5)*60/(-18)?
3
Let q(m) = -2*m**2 - m + 212. Let g be q(0). Let d = g - -50. What is the tens digit of d?
6
Let p be (-12)/(-8) - (-4)/8. Suppose 0 = -h - 2*j + 8, -2*h = -0*j + j - 4. What is the units digit of 50 + (h - p) + 5?
3
Let u(l) = -11 - 3*l + 8*l + 0*l - 4*l. Let i be u(13). Suppose 2*g - 5*d - 25 = 0, -i*g - d + 35 = 4*d. What is the tens digit of g?
1
Suppose -191*u = -95*u - 303072. What is the thousands digit of u?
3
Let c = -49 + 50. What is the units digit of (446 - c) + -4 + 4 + 0?
5
Let y = 643 - 369. What is the hundreds digit of (2 - y/(-5))/(6/15)?
1
Let v(w) be the third derivative of w**5/12 + 37*w**4/24 + 5*w**3/3 + 11*w**2. Let n be v(-11). Let x = -16 + n. What is the units digit of x?
2
Suppose -38 + 138 = 4*r. Let a(w) = -w**3 + 2*w**2 - w - 3. Let x be a(-2). Let b = x + r. What is the tens digit of b?
4
Suppose -4*g + 9*g = 15, 2*v + g - 1311 = 0. Let i = 1071 - v. What is the hundreds digit of i?
4
Let n(c) = 82*c**2 - 15*c - 32. What is the units digit of n(-4)?
0
Let y(f) = 18*f - 7. Let d be y(11). Let a = -189 + d. What is the units digit of a?
2
Let k be (12 - (-5582)/(-14))/(1/(-7)). Suppose -17*j + k = -1798. What is the tens digit of j?
6
Let l(n) = -12*n**3 - 24*n**2 - 125*n + 42. What is the units digit of l(-10)?
2
Let m = 125 - 119. Let g be 0/(4 - -1)*(-3)/m. What is the tens digit of (-504)/(-2) + 0/(g + 2)?
5
Let t(q) = 4*q - 20. Let d be t(-7). Let n = d + 48. Suppose -2*k + n = -200. What is the units digit of k?
0
Let j be (11/3)/(-2 + (-65)/(-30)). Suppose 123*v = 122*v + j. What is the tens digit of v?
2
Suppose 22*i + 76921 = 27*i - g, -3*i = 4*g - 46125. What is the ten thousands digit of i?
1
Suppose 0 = 2*o - g + 1, 0 = -5*g - 11 - 4. What is the hundreds digit of 38350/175 - o/(-14)?
2
Let q = 70 + -58. Let r be 1/((q/(-24))/(7/2)). Let w = r + 38. What is the units digit of w?
1
Let z = -22 - -26. Suppose -5*o + 3 = -z*o. What is the tens digit of (2 + (-60)/21)*(-66 + o)?
5
Suppose 672 = 11*c - 4*c. Let h = 190 - c. Let j = 26 + h. What is the hundreds digit of j?
1
Suppose 117*q - 122*q + 168085 = 0. What is the thousands digit of q?
3
Suppose 0 = -3*k + 12 + 3. Suppose -b - k*b = -384. Let c = b + -36. What is the units digit of c?
8
Suppose 0 = -4*u - 0*a + 4*a + 6852, 5*u = -a + 8589. Suppose 0 = 7*o - u - 628. Suppose 5*c - 145 - o = 0. What is the units digit of c?
6
Let h(l) = -l**3 + 16*l**2 - 15*l + 4. Let u be h(15). Suppose 4*z - 600 = -2*s, -u = s - 2. Suppose 0 = 5*p - 846 + z. What is the tens digit of p?
3
Suppose -52 = 5*t + h, -4*t + 2*h - 24 - 12 = 0. Let l be 730 + 5/(t/4). What is the tens digit of (l/(-40))/((-3)/15)?
9
Let f(p) = -1060*p**3 - p**2 - 3*p - 1. Let x be f(-1). Let a = x - 568. What is the tens digit of a?
9
Let s be (-2)/(-6) + ((-28)/21 - -2). Let c be ((-60)/35)/(8/(-28)*s). Suppose c*p = 7 - 1. What is the units digit of p?
1
Suppose -16*n + 40 = -6*n. Suppose 0 = 5*l + p + 60, 3*l - n*p = -8 - 28. What is the tens digit of (-4)/16 + (-411)/l?
3
Let i be (-5040)/(-32) - (1 - (-3)/(-2)). Suppose 5 = u, 2*k = 6*u - 4*u + i. What is the units digit of k?
4
Let c(n) = 23*n**3 + 8*n + 7. Let l be c(-4). Let v = l - -2185. Suppose -65*d - v = -69*d. What is the tens digit of d?
7
Let r(o) = 40*o**2 + 31*o + 4. Suppose 130*f = 134*f - 12. What is the hundreds digit of r(f)?
4
Suppose 3*f - 2*f - 3 = 0. Suppose 0 = -2*l - f*r - 3, -3*l - 5*r = -8*l + 30. Suppose 0 = -4*x - l*y + 131 + 260, -x = 4*y - 88. What is the tens digit of x?
0
Let o(i) = i**3 + 10*i**2 + 13*i - 17. Let u be o(-8). Suppose 0 = -u*h + 6036 + 3127. Suppose -15*q - 154 = -h. What is the tens digit of q?
7
Suppose -4*i = 2*x - 1610, -x - 5*i - 833 = -2*x. Suppose 3*z + 4*h - 2439 = 0, -2*z = -z - 4*h - x. What is the units digit of z?
3
Let n = 879 + 41. Suppose 2*q - 2*o - 1150 = 0, 4*q - 1372 = -4*o + n. What is the hundreds digit of q?
5
Let d(f) = 5*f + 1. Let g be d(1). Let u(h) = 25 - 630*h - 637*h + 1285*h. What is the hundreds digit of u(g)?
1
Suppose -1 = -d + 12. Suppose d*n = 4*n + 2025. Suppose -3*z + 6*z - n = 0. What is the units digit of z?
5
Let z(i) = -813*i + 465. What is the thousands digit of z(-6)?
5
Let i(g) = g + 6. Let o = -97 + 96. Let b be i(o). Suppose -5*p + 338 = 3*c - p, -340 = -3*c - b*p. What is the tens digit of c?
1
Suppose 0 = -2*w + 4*f + 932, w + 5*f = 74 + 392. Let o = w - 253. What is the units digit of o?
3
Let o(j) = -j**2 - 8*j - 13. Let b = 11 - 15. Let n be o(b). Suppose -3*v + 117 = 2*i - 13, n*v - i = 142. What is the units digit of v?
6
Let b = 168 + -104. Suppose -15*m - b = -13*m. Let d = 100 + m. What is the tens digit of d?
6
Suppose 0 = 20*j - 51 - 9. Let b(c) = 105*c - 4. What is the hundreds digit of b(j)?
3
Suppose -391*k + 4926 = 5*x - 394*k, 8 = -4*k. What is the units digit of x?
4
Let a = -332 - -512. What is the units digit of 240/a - (-68)/3?
4
Let w = -19092 + 20018. What is the tens digit of w?
2
Let n = -53716 + 79240. What is the tens digit of n?
2
Let p(j) = -13*j**2 + 32*j**2 - 14*j**2 + 68. What is the tens digit of p(-9)?
7
Let u = 6651 + 43353. What is the ten thousands digit of u?
5
Let u be 150/(-1 + 7/4). What is the hundreds digit of 28 + u + (0 - -5)?
2
Let c(p) = -p**2 - 25*p + 3. Let l(b) = -b**2 - 4*b + 31. Let a be l(0). Suppose -4*k + a = 75. What is the tens digit of c(k)?
5
Suppose -20 = -4*k + 2*x, x = -2*x. Let u(l) = 356*l - 42. What is the hundreds digit of u(k)?
7
Let r(i) = i**2 + 11*i + 31. Let b be r(-7). What is the units digit of (-1)/(7360/(-2452) + b)?
3
Let d = 248 - 293. Let z = -274 - -59. Let v = d - z. What is the tens digit of v?
7
Let n = -1 + 7. Suppose n - 3 = f. Suppose -5*z + f = -2. What is the units digit of z?
1
Let s(u) = u. Let i be (-1)/((-10)/4)*(8 + -3). Let v be s(i). What is the units digit of (v/(16/10))/(10/1560)?
5
Let w(o) = 98*o**2 - 53*o - 668. What is the tens digit of w(-24)?
5
Suppose -34*w = -31*w + 474. Let q = 270 + w. What is the hundreds digit of q?
1
Let y(p) = -p**3 + 23*p**2 + 33*p + 49. Let t = -120 + 130. Suppose d + 5*x - 24 = 0, -t*x + 8*x = -3*d + 72. What is the hundreds digit of y(d)?
2
What is the tens digit of (157880/6)/(72/108) + -13 + 7?
6
Suppose -53 = 3*w + g, 3*w - g + 66 = -w. Let h(v) = -800*v**2 + 1. Let u be h(-1). What is the tens digit of (u/w)/((-1)/((-2)/2))?
4
Let d(j) = -j**2 + 31*j + 7. Let x be d(10). Let m = x + -148. What is the tens digit of m?
6
Let z be 3054/(-4) - 51/34. Let c = 247 - z. What is the hundreds digit of c?
0
Let t(q) = -192*q + 3443. What is the units digit of t(-35)?
3
Let u = 50 - -24. Let c = u - 81. Let i = 74 - c. What is the tens digit of i?
8
Suppose 0 = d + 458 + 316. What is the tens digit of (d + 12)*(-3)/